{"id":99,"date":"2012-11-15T17:47:05","date_gmt":"2012-11-15T16:47:05","guid":{"rendered":"http:\/\/www.schwimmclub-alsdorfhoengen.de\/?page_id=99"},"modified":"2025-12-01T15:22:33","modified_gmt":"2025-12-01T14:22:33","slug":"kontakt","status":"publish","type":"page","link":"http:\/\/www.schwimmclub-alsdorfhoengen.de\/?page_id=99","title":{"rendered":"Kontakt"},"content":{"rendered":"<p>F\u00fcr Fragen nutzen Sie bitte folgende Kontaktm\u00f6glichkeiten:<\/p>\n<p><strong>1. Vorsitzender<\/strong><\/p>\n<p>Frank Scheftner<\/p>\n<p><strong>Gesch\u00e4ftsf\u00fchrerin<\/strong><\/p>\n<p>Iris Tuchenhagen<\/p>\n<p>&nbsp;<\/p>\n<p><strong>Mailadresse Verein:<\/strong><\/p>\n<p><a href=\"mailto:kontakt@schwimmclub-alsdorfhoengen.de\">kontakt@schwimmclub-alsdorfhoengen.de<\/a><\/p>\n<p>&nbsp;<\/p>\n","protected":false},"excerpt":{"rendered":"<p>F\u00fcr Fragen nutzen Sie bitte folgende Kontaktm\u00f6glichkeiten: 1. Vorsitzender Frank Scheftner Gesch\u00e4ftsf\u00fchrerin Iris Tuchenhagen &nbsp; Mailadresse Verein: kontakt@schwimmclub-alsdorfhoengen.de &nbsp;<\/p>\n","protected":false},"author":1,"featured_media":0,"parent":0,"menu_order":4,"comment_status":"closed","ping_status":"closed","template":"","meta":{"_eb_attr":"","footnotes":""},"class_list":["post-99","page","type-page","status-publish","hentry"],"_links":{"self":[{"href":"http:\/\/www.schwimmclub-alsdorfhoengen.de\/index.php?rest_route=\/wp\/v2\/pages\/99","targetHints":{"allow":["GET"]}}],"collection":[{"href":"http:\/\/www.schwimmclub-alsdorfhoengen.de\/index.php?rest_route=\/wp\/v2\/pages"}],"about":[{"href":"http:\/\/www.schwimmclub-alsdorfhoengen.de\/index.php?rest_route=\/wp\/v2\/types\/page"}],"author":[{"embeddable":true,"href":"http:\/\/www.schwimmclub-alsdorfhoengen.de\/index.php?rest_route=\/wp\/v2\/users\/1"}],"replies":[{"embeddable":true,"href":"http:\/\/www.schwimmclub-alsdorfhoengen.de\/index.php?rest_route=%2Fwp%2Fv2%2Fcomments&post=99"}],"version-history":[{"count":8,"href":"http:\/\/www.schwimmclub-alsdorfhoengen.de\/index.php?rest_route=\/wp\/v2\/pages\/99\/revisions"}],"predecessor-version":[{"id":934,"href":"http:\/\/www.schwimmclub-alsdorfhoengen.de\/index.php?rest_route=\/wp\/v2\/pages\/99\/revisions\/934"}],"wp:attachment":[{"href":"http:\/\/www.schwimmclub-alsdorfhoengen.de\/index.php?rest_route=%2Fwp%2Fv2%2Fmedia&parent=99"}],"curies":[{"name":"wp","href":"https:\/\/api.w.org\/{rel}","templated":true}]}}