{"id":23,"date":"2012-11-08T20:09:36","date_gmt":"2012-11-08T18:09:36","guid":{"rendered":"http:\/\/www.schwimmclub-alsdorfhoengen.de\/?page_id=23"},"modified":"2026-04-27T22:07:06","modified_gmt":"2026-04-27T21:07:06","slug":"dokumentenarchiv","status":"publish","type":"page","link":"http:\/\/www.schwimmclub-alsdorfhoengen.de\/?page_id=23","title":{"rendered":"Dokumentenarchiv"},"content":{"rendered":"\t\t<div data-elementor-type=\"wp-page\" data-elementor-id=\"23\" class=\"elementor elementor-23\">\n\t\t\t\t<div class=\"elementor-element elementor-element-79695cde e-flex e-con-boxed e-con e-parent\" data-id=\"79695cde\" data-element_type=\"container\" data-e-type=\"container\">\n\t\t\t\t\t<div class=\"e-con-inner\">\n\t\t\t\t<div class=\"elementor-element elementor-element-221aedcf elementor-widget elementor-widget-text-editor\" data-id=\"221aedcf\" data-element_type=\"widget\" data-e-type=\"widget\" data-widget_type=\"text-editor.default\">\n\t\t\t\t\t\t\t\t\t<p>Zum \u00d6ffnen der PDF-Dokumente ben\u00f6tigen Sie einen PDF Reader (z.B. Adobe Acrobat Reader)<\/p><p><strong>Allgemein (intern)<\/strong><\/p><ul><li><a href=\"http:\/\/www.schwimmclub-alsdorfhoengen.de\/wp-content\/uploads\/2017\/03\/SCAH_Satzung_Amtsgericht_2015.pdf\">Unsere Satzung als PDF<\/a><\/li><\/ul><p><strong>Mitgliedschaft<\/strong><\/p><ul><li><a href=\"http:\/\/www.schwimmclub-alsdorfhoengen.de\/wp-content\/uploads\/2026\/04\/Anmeldung2026-SCAH.pdf\">Aufnahmeantrag als PDF<\/a><\/li><\/ul><p><strong>Gesch\u00e4ftsberichte<\/strong><\/p><ul><li><a title=\"Gesch\u00e4ftsbericht 2010\" href=\"http:\/\/www.schwimmclub-alsdorfhoengen.de\/wp-content\/uploads\/2012\/11\/Gesch\u00e4ftsbericht_2010.pdf\" target=\"_blank\" rel=\"noopener noreferrer\">Gesch\u00e4ftsbericht 2010 als PDF<\/a><\/li><li><a title=\"Gesch\u00e4ftsbericht 2011\" href=\"http:\/\/www.schwimmclub-alsdorfhoengen.de\/wp-content\/uploads\/2012\/11\/Gesch\u00e4ftsbericht_2011.pdf\" target=\"_blank\" rel=\"noopener noreferrer\">Gesch\u00e4ftsbericht 2011 als PDF<\/a><\/li><li><a title=\"Gesch\u00e4ftsbericht 2011\" href=\"http:\/\/www.schwimmclub-alsdorfhoengen.de\/wp-content\/uploads\/2012\/11\/Gesch\u00e4ftsbericht_2011.pdf\" target=\"_blank\" rel=\"noopener noreferrer\">Gesch\u00e4ftsbericht 2012 als PDF<\/a><\/li><li><a href=\"http:\/\/www.schwimmclub-alsdorfhoengen.de\/wp-content\/uploads\/2015\/10\/Gesch\u00e4ftsbericht_2013.pdf\">Gesch\u00e4ftsbericht 2013 als PDF<\/a><\/li><li><a href=\"http:\/\/www.schwimmclub-alsdorfhoengen.de\/wp-content\/uploads\/2016\/01\/Gesch\u00e4ftsbericht_2014.pdf\">Gesch\u00e4ftsbericht_2014 als PDF<\/a><\/li><li><a href=\"http:\/\/www.schwimmclub-alsdorfhoengen.de\/wp-content\/uploads\/2017\/03\/Gesch\u00e4ftsbericht_2015.pdf\">Gesch\u00e4ftsbericht 2015 als PDF<\/a><\/li><li><a href=\"http:\/\/www.schwimmclub-alsdorfhoengen.de\/wp-content\/uploads\/2018\/02\/Gesch\u00e4ftsbericht_2016.pdf\">Gesch\u00e4ftsbericht 2016 als PDF<\/a><\/li><li><a href=\"http:\/\/www.schwimmclub-alsdorfhoengen.de\/wp-content\/uploads\/2020\/09\/Gesch\u00e4ftsbericht_2017.pdf\">Gesch\u00e4ftsbericht 2017 als PDF<\/a><\/li><li><a href=\"http:\/\/www.schwimmclub-alsdorfhoengen.de\/wp-content\/uploads\/2020\/09\/Gesch\u00e4ftsbericht_2018.pdf\">Gesch\u00e4ftsbericht 2018 als PDF<\/a><\/li><li><a href=\"http:\/\/www.schwimmclub-alsdorfhoengen.de\/wp-content\/uploads\/2022\/05\/Geschaeftsbericht_2019.pdf\">Gesch\u00e4ftsbericht 2019 als PDF<\/a><\/li><li><a href=\"http:\/\/www.schwimmclub-alsdorfhoengen.de\/wp-content\/uploads\/2022\/05\/Geschaeftsbericht_2020.pdf\">Gesch\u00e4ftsbericht 2020 als PDF<\/a><\/li><li><a href=\"http:\/\/www.schwimmclub-alsdorfhoengen.de\/wp-content\/uploads\/2022\/05\/Geschaeftsbericht_2021.pdf\">Gesch\u00e4ftsbericht 2021 als PDF<\/a><\/li><li><a href=\"http:\/\/www.schwimmclub-alsdorfhoengen.de\/wp-content\/uploads\/2025\/06\/Geschaeftsbericht_2022.pdf\">Gesch\u00e4ftsbericht 2022 als PDF<\/a><\/li><li><a href=\"http:\/\/www.schwimmclub-alsdorfhoengen.de\/wp-content\/uploads\/2025\/06\/Geschaeftsbericht_2023.pdf\">Gesch\u00e4ftsbericht 2023 als PDF<\/a><\/li><li><a href=\"http:\/\/www.schwimmclub-alsdorfhoengen.de\/wp-content\/uploads\/2025\/06\/Geschaeftsbericht_2024.pdf\">Gesch\u00e4ftsbericht 2024 als PDF<\/a><\/li><\/ul><p><strong>Mitgliederentwicklung<\/strong><\/p><ul><li><a href=\"http:\/\/www.schwimmclub-alsdorfhoengen.de\/wp-content\/uploads\/2025\/06\/Mitgliederentwicklung_1997_2023.pdf\">Mitgliederentwicklung_1997_2023<\/a><\/li><li><a href=\"http:\/\/www.schwimmclub-alsdorfhoengen.de\/wp-content\/uploads\/2025\/06\/Mitgliederentwicklung_2015_2024.pdf\">Mitgliederentwicklung_2015_2024<\/a><\/li><\/ul><p><strong>Allgemein (extern)<\/strong><\/p><ul><li><a title=\"Schwimmabzeichen\" href=\"http:\/\/www.schwimmclub-alsdorfhoengen.de\/wp-content\/uploads\/2012\/11\/101206_schwimmabzeichen.pdf\" target=\"_blank\" rel=\"noopener noreferrer\">Schwimmabzeichen als PDF<\/a><\/li><\/ul>\t\t\t\t\t\t\t\t<\/div>\n\t\t\t\t\t<\/div>\n\t\t\t\t<\/div>\n\t\t\t\t<\/div>\n\t\t","protected":false},"excerpt":{"rendered":"<p>Zum \u00d6ffnen der PDF-Dokumente ben\u00f6tigen Sie einen PDF Reader (z.B. Adobe Acrobat Reader) Allgemein (intern) Unsere Satzung als PDF Mitgliedschaft Aufnahmeantrag als PDF Gesch\u00e4ftsberichte Gesch\u00e4ftsbericht 2010 als PDF Gesch\u00e4ftsbericht 2011 als PDF Gesch\u00e4ftsbericht 2012 als PDF Gesch\u00e4ftsbericht 2013 als PDF Gesch\u00e4ftsbericht_2014 als PDF Gesch\u00e4ftsbericht 2015 als PDF Gesch\u00e4ftsbericht 2016 als PDF Gesch\u00e4ftsbericht 2017 als PDF [&hellip;]<\/p>\n","protected":false},"author":1,"featured_media":0,"parent":0,"menu_order":3,"comment_status":"closed","ping_status":"closed","template":"","meta":{"_eb_attr":"","footnotes":""},"class_list":["post-23","page","type-page","status-publish","hentry"],"_links":{"self":[{"href":"http:\/\/www.schwimmclub-alsdorfhoengen.de\/index.php?rest_route=\/wp\/v2\/pages\/23","targetHints":{"allow":["GET"]}}],"collection":[{"href":"http:\/\/www.schwimmclub-alsdorfhoengen.de\/index.php?rest_route=\/wp\/v2\/pages"}],"about":[{"href":"http:\/\/www.schwimmclub-alsdorfhoengen.de\/index.php?rest_route=\/wp\/v2\/types\/page"}],"author":[{"embeddable":true,"href":"http:\/\/www.schwimmclub-alsdorfhoengen.de\/index.php?rest_route=\/wp\/v2\/users\/1"}],"replies":[{"embeddable":true,"href":"http:\/\/www.schwimmclub-alsdorfhoengen.de\/index.php?rest_route=%2Fwp%2Fv2%2Fcomments&post=23"}],"version-history":[{"count":80,"href":"http:\/\/www.schwimmclub-alsdorfhoengen.de\/index.php?rest_route=\/wp\/v2\/pages\/23\/revisions"}],"predecessor-version":[{"id":1048,"href":"http:\/\/www.schwimmclub-alsdorfhoengen.de\/index.php?rest_route=\/wp\/v2\/pages\/23\/revisions\/1048"}],"wp:attachment":[{"href":"http:\/\/www.schwimmclub-alsdorfhoengen.de\/index.php?rest_route=%2Fwp%2Fv2%2Fmedia&parent=23"}],"curies":[{"name":"wp","href":"https:\/\/api.w.org\/{rel}","templated":true}]}}